{"id":7,"date":"2020-11-27T10:07:34","date_gmt":"2020-11-27T09:07:34","guid":{"rendered":"http:\/\/www.nettask.sk\/?page_id=2"},"modified":"2025-07-03T12:41:49","modified_gmt":"2025-07-03T10:41:49","slug":"ukazka-strany","status":"publish","type":"page","link":"https:\/\/dellie.sk\/wordpress\/","title":{"rendered":"Slu\u017eby"},"content":{"rendered":"\n<p><strong>Elektrick\u00e9 z\u00e1lohovacie syst\u00e9my<\/strong><\/p>\n\n\n\n<p>Vypracovanie projektov pre z\u00e1lohovanie zariaden\u00ed, cel\u00fdch syst\u00e9mov, serverovn\u00ed a d\u00e1tov\u00fdch centier<br>Mont\u00e1\u017e a in\u0161tal\u00e1cia UPS od popredn\u00fdch svetov\u00fdch v\u00fdrobcov<br>In\u0161tal\u00e1cia a pripojenie el. gener\u00e1toru do syst\u00e9mu z\u00e1lohovania<br>Rev\u00edzia, kontrola, profilaktika UPS a gener\u00e1torov<\/p>\n\n\n\n<p><strong>Ozvu\u010dovacia technika<\/strong><\/p>\n\n\n\n<p>Ozvu\u010denie miestnost\u00ed, h\u00e1l, p\u00f3di\u00ed, kinos\u00e1l, kostolov, \u0161tadi\u00f3nov<br>Pon\u00fakame stojany, mikrof\u00f3rny, zosil\u0148ova\u010de, DJ pulty<br>Ozvu\u010dovanie podujat\u00ed organizovan\u00fdch na vonkaj\u0161\u00edch priestranstv\u00e1ch<\/p>\n\n\n\n<p><strong>Kamerov\u00e9 syst\u00e9my<\/strong><\/p>\n\n\n\n<p>Kamerov\u00e9 syst\u00e9my zalo\u017een\u00e9 na anal\u00f3govom prenose sign\u00e1lu<br>Anal\u00f3gov\u00e9 kamery s infra prisvieten\u00edm, alebo bez neho<br>Anal\u00f3gov\u00e9 kamery pre vn\u00fatorn\u00fa, alebo vonkaj\u0161iu in\u0161tal\u00e1ciu<br>DVR s pripojen\u00edm do LAN, vzdialen\u00fd pr\u00edstup prostredn\u00edctvom klientsk\u00e9ho software, alebo cez internetov\u00fd prehliada\u010d<br>Spojenie a mana\u017ement viacer\u00fdch DVR na r\u00f4znych miestach prostredn\u00edctvom VPN<br>Spr\u00e1va a servis syst\u00e9mu<\/p>\n\n\n\n<p>Kamerov\u00e9 syst\u00e9my zalo\u017een\u00e9 na TCP IP protokole (IP kamery)<br>IP kamery s infra prisvieten\u00edm, alebo bez neho<\/p>\n\n\n\n<p>IP kamery pre vn\u00fatorn\u00fa, alebo vonkaj\u0161iu in\u0161tal\u00e1ciu<br>DVR pre IP kamery<br>Aplik\u00e1cie pre vytvorenie DVR na virtu\u00e1lnych serveroch ich mana\u017ement a spr\u00e1va<br>Monitorovac\u00ed software pre IP kamery<\/p>\n\n\n\n<p><strong>Zabezpe\u010dovacie syst\u00e9my<\/strong><\/p>\n\n\n\n<p>Vlastn\u00fd syst\u00e9m \u201eur\u010den\u00fd pre inteligentn\u00e9 domy\u201c kombinovan\u00fd s \u013eubovoln\u00fdmi sn\u00edma\u010dmi.<br>In\u0161tal\u00e1cia a mont\u00e1\u017e syst\u00e9mu od firmy Jablotron<br>Spr\u00e1va a servis t\u00fdchto syst\u00e9mov<\/p>\n\n\n\n<p><strong>Implement\u00e1cia NIS 2<\/strong><\/p>\n\n\n\n<p>Dobre vykonan\u00e1 strat\u00e9gia kybernetickej bezpe\u010dnosti v\u00e1m zaru\u010d\u00ed dosiahnutie a udr\u017eanie s\u00faladu s normou NIS2 pre va\u0161u sie\u0165 a informa\u010dn\u00e9 syst\u00e9my. Na\u0161e slu\u017eby NIS2 s\u00fa navrhnut\u00e9 tak, aby v\u00e1m pomohli vytvori\u0165 odoln\u00fd program, ktor\u00fd nielen\u017ee rie\u0161i aktu\u00e1lne kybernetick\u00e9 hrozby, ale sa aj prisp\u00f4sobuje vyv\u00edjaj\u00facim sa rizik\u00e1m a je v s\u00falade s va\u0161imi digit\u00e1lnymi obchodn\u00fdmi strat\u00e9giami. Nezameriavame sa len na pos\u00fadenie a implement\u00e1ciu s\u00fa\u010dasn\u00e9ho stavu va\u0161ej kybernetickej bezpe\u010dnosti, ale pripravujeme va\u0161u organiz\u00e1ciu aj na bud\u00face v\u00edzie a rast.<\/p>\n\n\n\n<p><strong>IT syst\u00e9my<\/strong><\/p>\n\n\n\n<ul class=\"wp-block-list\">\n<li>virtualiz\u00e1cia a servery <\/li>\n\n\n\n<li>sie\u0165ov\u00e1 infra\u0161trukt\u00fara<\/li>\n\n\n\n<li>IP telef\u00f3nia<\/li>\n\n\n\n<li>webov\u00e1 infra\u0161trukt\u00fara<\/li>\n\n\n\n<li>pracovn\u00e9 stanice<\/li>\n<\/ul>\n\n\n\n<p><strong>Predaj n\u00e1radia<\/strong><\/p>\n\n\n\n<p><strong>Klimatiza\u010dn\u00e9 syst\u00e9my<\/strong><\/p>\n","protected":false},"excerpt":{"rendered":"<p>Elektrick\u00e9 z\u00e1lohovacie syst\u00e9my Vypracovanie projektov pre z\u00e1lohovanie zariaden\u00ed, cel\u00fdch syst\u00e9mov, serverovn\u00ed a d\u00e1tov\u00fdch centierMont\u00e1\u017e a in\u0161tal\u00e1cia UPS od popredn\u00fdch svetov\u00fdch v\u00fdrobcovIn\u0161tal\u00e1cia a pripojenie el. gener\u00e1toru do syst\u00e9mu z\u00e1lohovaniaRev\u00edzia, kontrola, profilaktika UPS a gener\u00e1torov Ozvu\u010dovacia technika Ozvu\u010denie miestnost\u00ed, h\u00e1l, p\u00f3di\u00ed, kinos\u00e1l, kostolov, \u0161tadi\u00f3novPon\u00fakame stojany, mikrof\u00f3rny, zosil\u0148ova\u010de, DJ pultyOzvu\u010dovanie podujat\u00ed organizovan\u00fdch na vonkaj\u0161\u00edch priestranstv\u00e1ch Kamerov\u00e9 syst\u00e9my Kamerov\u00e9 &hellip; <\/p>\n<p class=\"link-more\"><a href=\"https:\/\/dellie.sk\/wordpress\/\" class=\"more-link\">Pokra\u010dova\u0165 v \u010d\u00edtan\u00ed<span class=\"screen-reader-text\"> &#8222;Slu\u017eby&#8220;<\/span><\/a><\/p>\n","protected":false},"author":1,"featured_media":0,"parent":0,"menu_order":0,"comment_status":"closed","ping_status":"closed","template":"","meta":{"footnotes":""},"class_list":["post-7","page","type-page","status-publish","hentry"],"_links":{"self":[{"href":"https:\/\/dellie.sk\/wordpress\/index.php?rest_route=\/wp\/v2\/pages\/7","targetHints":{"allow":["GET"]}}],"collection":[{"href":"https:\/\/dellie.sk\/wordpress\/index.php?rest_route=\/wp\/v2\/pages"}],"about":[{"href":"https:\/\/dellie.sk\/wordpress\/index.php?rest_route=\/wp\/v2\/types\/page"}],"author":[{"embeddable":true,"href":"https:\/\/dellie.sk\/wordpress\/index.php?rest_route=\/wp\/v2\/users\/1"}],"replies":[{"embeddable":true,"href":"https:\/\/dellie.sk\/wordpress\/index.php?rest_route=%2Fwp%2Fv2%2Fcomments&post=7"}],"version-history":[{"count":9,"href":"https:\/\/dellie.sk\/wordpress\/index.php?rest_route=\/wp\/v2\/pages\/7\/revisions"}],"predecessor-version":[{"id":65,"href":"https:\/\/dellie.sk\/wordpress\/index.php?rest_route=\/wp\/v2\/pages\/7\/revisions\/65"}],"wp:attachment":[{"href":"https:\/\/dellie.sk\/wordpress\/index.php?rest_route=%2Fwp%2Fv2%2Fmedia&parent=7"}],"curies":[{"name":"wp","href":"https:\/\/api.w.org\/{rel}","templated":true}]}}